3*y + 6. Let r be k(q). Suppose -2*t - 78 = -4*t + 4*c, r = 4*t + 5*c. What are the prime factors of t?
7
Let l = -2388 + 3408. What are the prime factors of l?
2, 3, 5, 17
Suppose 4*m - 33 = 675. Suppose 4*i - 87 = m. What are the prime factors of i?
2, 3, 11
Let t(i) = 69*i**3 + 2*i**2 + 12*i - 12. What are the prime factors of t(3)?
3, 5, 127
Let v be 1/(-1 + (-20)/(-18)). Let h = v + -5. Suppose -3*y + 3*q = -21, -h*y + 7*y = q + 25. What are the prime factors of y?
3
Let o(m) = -87*m**3 + m**2 - m - 2. List the prime factors of o(-1).
3, 29
Let y = -77 + 86. List the prime factors of 2/3 + 534/y.
2, 3, 5
Let u be ((-8)/(-5 + 1) - 2)/2. Suppose -4*v + 113 + 483 = u. List the prime factors of v.
149
Suppose -2*n = -799 - 3595. What are the prime factors of n?
13
Let c = 115 - 80. Let s be 1099/c + 2/(-5). Let f = -18 + s. List the prime factors of f.
13
Let c(s) = 18*s**2 + 3*s + 2. Let h be (-3)/12 - (-9)/(-12). List the prime factors of c(h).
17
Suppose 3*j - 4*q = 2853, 2*j + 2*q = 5*j - 2853. List the prime factors of j.
3, 317
Let q(b) = -b**3 - 4*b**2 + 5*b + 6. Let h(f) = -6*f**3 + f**2 + 2*f - 2. Let r be h(1). List the prime factors of q(r).
2, 3
Let x = -1845 - -3211. What are the prime factors of x?
2, 683
Let g(b) = 105*b**2 + 107*b - 439. List the prime factors of g(4).
1669
Let s(h) = -8 - h**3 + 6*h**2 + h**2 + 0*h**3 + 4*h**2 + 6*h. Let r be s(5). Suppose 5*v - r = -27. List the prime factors of v.
29
Let k be (18/27)/(1/3). Suppose 1 - 2 = -o + r, -5*r = -k*o + 14. List the prime factors of -174*(9/o)/9.
2, 29
Let y(z) = z**2 + 13*z - 25. Let w be y(-15). Suppose -d - j + 59 = -w*j, -2*d + 107 = 3*j. What are the prime factors of d?
5, 11
Let b(a) = -66*a + 88. List the prime factors of b(-7).
2, 5, 11
Suppose g + 20 = 3*g. Suppose -202 + 2362 = g*t. What are the prime factors of t?
2, 3
Let j = -133 + -129. Let y = 388 + j. What are the prime factors of y?
2, 3, 7
Let m = 683 + -447. What are the prime factors of m?
2, 59
Suppose 0 = -4*g + g + 6. Suppose 7*b = g*b + 10. Suppose b*x = 12 - 2. List the prime factors of x.
5
Let r(z) = 27*z**3 + 10*z**2 - 7*z - 8. List the prime factors of r(6).
2, 37, 83
Suppose 4*x = 4*z + 1312, 4*x + 2*z = -x + 1640. Suppose -18*j + x = -14*j. What are the prime factors of j?
2, 41
Let y be (-12)/30 + (-24)/(-10). Suppose -y*m + 670 - 240 = 5*z, m - 3*z = 193. Suppose -4*l = l - m. List the prime factors of l.
41
Suppose 0 = -3*r + 2*q - 64, -2*q = 2*r - 3*q + 41. Let u be (r/(-2))/(4/68). Suppose -f - 2*f = -u. List the prime factors of f.
3, 17
Suppose -5*n - 4*m = -13135 + 591, n - 2507 = m. What are the prime factors of n?
2, 3, 11, 19
Suppose 2 = 4*q - 10. Suppose q*p = 9 - 0. Suppose 3*j - 30 = -s, 6*s - p*s + 2*j = 55. What are the prime factors of s?
3, 5
Let i(f) = -f**3 + 12*f**2 - 3*f + 12. Let y be i(12). List the prime factors of (-42)/(44/y + (-3)/(-9)).
2, 7
Let x(m) = m**3 - 5*m**2 - 14*m. Let y(o) = -8*o - 1. Let j be y(-1). Let l be x(j). Suppose 3*h = 2*c + h - 76, -5*h - 25 = l. What are the prime factors of c?
3, 11
What are the prime factors of (-18)/(-5)*(-215)/(-2)?
3, 43
Let h(u) = 82*u - 51. What are the prime factors of h(9)?
3, 229
List the prime factors of 199/((8/(-84))/(4/(-6))).
7, 199
Suppose 2*v - 11*f + 10*f - 2660 = 0, -2*f = -3*v + 3989. What are the prime factors of v?
11
Let q be ((-44)/6)/(34/(-1275)). List the prime factors of (-2)/(-8) - q/(-4).
3, 23
Suppose 63*n - 49478 = 41*n. What are the prime factors of n?
13, 173
Let c(q) = -q**2 - 7*q - 1. Let r be c(-8). Let y = r + 14. Suppose y*p = -a + 54, -3*a + 42 = -0*p + 3*p. What are the prime factors of p?
2, 5
Let y(m) be the first derivative of m**4/4 - 5*m**3/3 - 6*m**2 - 9*m + 4. Let c be y(7). Suppose 196 = c*k + 76. List the prime factors of k.
2, 3
Let q(f) = 3*f + 9. Let p be q(-3). Suppose 2*i - 212 = -p*i. List the prime factors of i.
2, 53
Let t(a) be the third derivative of -a**6/120 + 11*a**5/60 + 5*a**4/8 + 11*a**3/6 + 36*a**2. List the prime factors of t(12).
47
Suppose 28*o - 7927 = 5793. What are the prime factors of o?
2, 5, 7
Suppose 5 = -10*m + 11*m. Suppose m*x - 7*f - 35 = -2*f, 0 = 5*x - 3*f - 25. Suppose 2*t = -d + 19, -d - 3*d = x*t - 34. List the prime factors of t.
7
List the prime factors of (197 - 26)/(2/6).
3, 19
What are the prime factors of (-4)/(-26) + (-267456)/(-546)?
2, 5, 7
Suppose -14*f = -13*f - 36. Suppose -k + f = x, 15 = -x + k + 51. List the prime factors of x.
2, 3
Let j be ((-46)/(-2) + 1)*10/3. Let r = j + -57. What are the prime factors of r?
23
Suppose 27*n + 180 = 32*n. Suppose 40*y - 296 = n*y. List the prime factors of y.
2, 37
Suppose -z - 2*q = -663, 5*z = -0*z + 5*q + 3285. What are the prime factors of z?
659
Let c = 30 - 32. What are the prime factors of c + 109 - (-11 - -8)?
2, 5, 11
Let w(o) = -3*o + 21. Let m(h) = 2*h - 14. Let d(u) = 7*m(u) + 5*w(u). Let a be (-1)/(3/36) - -2. List the prime factors of d(a).
17
Suppose 13*i + 4365 = 18652. List the prime factors of i.
7, 157
Suppose m + 18 = 21. Let b(s) = 42*s - 10. What are the prime factors of b(m)?
2, 29
Let s(r) = -r**2 + 0 - 11*r + 6 + 4 - 3. List the prime factors of s(-6).
37
Let j(b) = -b + 11. Let t be j(17). List the prime factors of (-1870)/(-30) - 2/t*-1.
2, 31
Let m(l) = 22*l - 5. Let b be m(-3). Let i = 122 + b. List the prime factors of i.
3, 17
Let f = -441 - -821. List the prime factors of f.
2, 5, 19
List the prime factors of ((-228)/(-30) - 4)/(8/5640).
2, 3, 47
Let r be (-13 - -15)*(-6)/(-4). Suppose -2*i + r*i - 3*n = 19, -5*n = -4*i + 55. Let m = i + -5. What are the prime factors of m?
5
Let c = -14 + 80. Let g be c/8 + (-1)/4. Suppose -36 = -4*o + g. List the prime factors of o.
11
Suppose -3*b = -4*b. Suppose b = -2*d + 10 + 4. List the prime factors of d.
7
Let k(p) = 14*p**2 + 6*p - 1. Let u be k(4). Suppose -95 = -6*a + u. List the prime factors of a.
3, 19
Suppose -16*r - 69 = -3*o - 11*r, 41 = 2*o - 5*r. Suppose 3*a = 5*n - 14, -5*a = 5*n + 1 - 31. Let h = o - n. List the prime factors of h.
2, 3
Let n(s) be the first derivative of -s**2/2 - 10*s - 8. Let h be n(-12). Suppose 4*u - 289 = 3*b, -4*b - 36 = h*u - 208. What are the prime factors of u?
2, 19
List the prime factors of 19446/30 + ((-4)/10)/2.
2, 3
Suppose o - 4*l - 202 = 644, -4*o + 3345 = -3*l. List the prime factors of o.
2, 3, 139
Let m be 495/66*16/(-3). Suppose n + 60 = 5*y, -2*n + 54 - 179 = -5*y. Let u = m - n. List the prime factors of u.
5
Suppose 0*o + 2*o - 19 = 3*g, 2*g = -10. What are the prime factors of (0 - -44)/o + 1?
23
Suppose -3*g + 29*y + 7929 = 33*y, 13247 = 5*g - 4*y. List the prime factors of g.
2647
Let d(z) = -z**3 - 7*z**2 + z + 9. Let x be d(-7). Suppose 6 = 5*t + x*b - 3*b, 3*b = 3*t + 6. Suppose t*g = -11 + 89. What are the prime factors of g?
3, 13
Suppose 6*h + 0*h = 204. Let p(c) = -c**2 + 9*c - 1. Let z be p(9). Let v = h + z. List the prime factors of v.
3, 11
Suppose 13*q = 1001 + 9048. What are the prime factors of q?
773
Suppose -w + 0 + 14 = 0. Suppose -p - 2*z = -w, -2*p + z + 39 = -14. Suppose -u + 0 = -p. What are the prime factors of u?
2, 3
Suppose -13*u + 17*u - 1260 = 0. List the prime factors of u.
3, 5, 7
Let s(z) = 18*z + 12. Let d be s(12). Suppose 0 = k + k - d. List the prime factors of k.
2, 3, 19
Suppose 0 = 4*b - 13*b - 324. Let f = 56 + b. List the prime factors of f.
2, 5
Let c be 776/(-12) - 2/6. Let h = 158 + c. What are the prime factors of h?
3, 31
Let w(u) = 5*u**3 + 31*u**2 + 33*u + 33. Let t(o) = -6*o**3 - 32*o**2 - 34*o - 33. Let v(l) = -4*t(l) - 5*w(l). List the prime factors of v(-26).
3, 5
Let m = 1272 + -613. List the prime factors of m.
659
What are the prime factors of 72/21 + -3 - 7068/(-21)?
337
Let w = 1612 - 759. List the prime factors of w.
853
Let j be 1/(2/(-10)*(-20)/584). What are the prime factors of j/3*(-9)/(-6)?
73
Suppose -15*d + 18*d + 2*f - 6427 = 0, -5*d + 10697 = -4*f. List the prime factors of d.
2141
Suppose 3*o = -2*v + 1075, -2*o + 5*v + 769 - 84 = 0. Suppose o + 63 = 2*f. What are the prime factors of f?
11, 19
Suppose 145*p = 142*p + 5709. What are the prime factors of p?
11, 173
Let m = -38 - -68. Let r = -1 + m. List the prime factors of r.
29
What are the prime factors of 17/((-68)/32)*-22?
2, 11